ed by 137.
111
Calculate the remainder when 2000 is divided by 46.
22
What is the remainder when 524683 is divided by 62?
39
What is the remainder when 14320 is divided by 2818?
230
What is the remainder when 56560 is divided by 1449?
49
Calculate the remainder when 57082 is divided by 446.
440
Calculate the remainder when 2461 is divided by 53.
23
What is the remainder when 1271 is divided by 7?
4
Calculate the remainder when 1399050 is divided by 113.
110
Calculate the remainder when 15597 is divided by 123.
99
Calculate the remainder when 987 is divided by 79.
39
What is the remainder when 1126922 is divided by 88?
82
What is the remainder when 1145332 is divided by 756?
748
What is the remainder when 6184 is divided by 4893?
1291
What is the remainder when 23223 is divided by 129?
3
What is the remainder when 406 is divided by 340?
66
Calculate the remainder when 101314 is divided by 579.
568
What is the remainder when 3367 is divided by 828?
55
Calculate the remainder when 9599 is divided by 343.
338
Calculate the remainder when 38516 is divided by 2751.
2
Calculate the remainder when 11102 is divided by 919.
74
What is the remainder when 3672 is divided by 85?
17
Calculate the remainder when 4586 is divided by 631.
169
Calculate the remainder when 626 is divided by 481.
145
Calculate the remainder when 7682 is divided by 282.
68
What is the remainder when 584765 is divided by 882?
881
What is the remainder when 4717 is divided by 469?
27
What is the remainder when 35223 is divided by 11616?
375
Calculate the remainder when 10812 is divided by 77.
32
Calculate the remainder when 6275 is divided by 128.
3
What is the remainder when 19778 is divided by 47?
38
What is the remainder when 2146 is divided by 715?
1
What is the remainder when 37942 is divided by 26?
8
What is the remainder when 188716 is divided by 41?
34
Calculate the remainder when 210627 is divided by 210.
207
Calculate the remainder when 95324 is divided by 205.
204
Calculate the remainder when 619379 is divided by 36.
35
What is the remainder when 9311 is divided by 15?
11
Calculate the remainder when 2104 is divided by 514.
48
What is the remainder when 30287 is divided by 6?
5
Calculate the remainder when 8791 is divided by 4395.
1
What is the remainder when 1894 is divided by 589?
127
Calculate the remainder when 145347 is divided by 85.
82
Calculate the remainder when 3182 is divided by 149.
53
What is the remainder when 68757 is divided by 7633?
60
What is the remainder when 9527 is divided by 64?
55
What is the remainder when 554 is divided by 160?
74
Calculate the remainder when 291798 is divided by 41682.
24
What is the remainder when 3652 is divided by 898?
60
Calculate the remainder when 8448 is divided by 2778.
114
What is the remainder when 75243 is divided by 44?
3
Calculate the remainder when 955 is divided by 17.
3
What is the remainder when 46108 is divided by 2?
0
What is the remainder when 9771 is divided by 1077?
78
Calculate the remainder when 1021 is divided by 246.
37
What is the remainder when 198980 is divided by 1157?
1133
Calculate the remainder when 171477 is divided by 34.
15
What is the remainder when 307557 is divided by 102481?
114
Calculate the remainder when 5436 is divided by 49.
46
What is the remainder when 272225 is divided by 269?
266
What is the remainder when 49451 is divided by 12359?
15
What is the remainder when 36325 is divided by 129?
76
What is the remainder when 28184 is divided by 74?
64
What is the remainder when 26135 is divided by 66?
65
What is the remainder when 90016 is divided by 85?
1
Calculate the remainder when 1922 is divided by 304.
98
What is the remainder when 4403 is divided by 640?
563
What is the remainder when 109486 is divided by 178?
16
Calculate the remainder when 64394 is divided by 23.
17
Calculate the remainder when 85973 is divided by 25.
23
What is the remainder when 120551 is divided by 16?
7
Calculate the remainder when 2866 is divided by 895.
181
Calculate the remainder when 386910 is divided by 13.
4
What is the remainder when 7451 is divided by 245?
101
Calculate the remainder when 785348 is divided by 261776.
20
What is the remainder when 398601 is divided by 12?
9
Calculate the remainder when 683995 is divided by 37.
13
Calculate the remainder when 44738 is divided by 567.
512
What is the remainder when 2576 is divided by 50?
26
Calculate the remainder when 746533 is divided by 23.
22
What is the remainder when 176924 is divided by 2808?
20
What is the remainder when 33209 is divided by 738?
737
Calculate the remainder when 19503 is divided by 752.
703
What is the remainder when 284346 is divided by 22?
18
What is the remainder when 586401 is divided by 6?
3
Calculate the remainder when 97539 is divided by 5417.
33
What is the remainder when 976661 is divided by 522?
521
What is the remainder when 1932 is divided by 333?
267
What is the remainder when 27625 is divided by 3058?
103
What is the remainder when 9783 is divided by 3255?
18
What is the remainder when 747 is divided by 374?
373
Calculate the remainder when 77561 is divided by 3691.
50
What is the remainder when 13539 is divided by 89?
11
What is the remainder when 6601 is divided by 58?
47
Calculate the remainder when 11083 is divided by 5537.
9
Calculate the remainder when 248533 is divided by 661.
658
What is the remainder when 111974 is divided by 55979?
16
What is the remainder when 55510 is divided by 868?
826
What is the remainder when 131020 is divided by 732?
724
Calculate the remainder when 5276 is divided by 21.
5
What is the remainder when 435137 is divided by 145031?
44
Calculate the remainder when 82391 is divided by 2746.
11
What is the remainder when 34107 is divided by 61?
8
What is the remainder when 2977199 is divided by 743?
741
What is the remainder when 2127 is divided by 1059?
9
What is the remainder when 1503307 is divided by 185?
182
What is the remainder when 511798 is divided by 577?
576
What is the remainder when 3370 is divided by 735?
430
Calculate the remainder when 10414 is divided by 416.
14
Calculate the remainder when 7401 is divided by 1842.
33
Calculate the remainder when 29636 is divided by 4938.
8
What is the remainder when 59625 is divided by 6?
3
Calculate the remainder when 25967 is divided by 107.
73
Calculate the remainder when 153256 is divided by 109.
2
What is the remainder when 475 is divided by 43?
2
What is the remainder when 66556 is divided by 589?
588
Calculate the remainder when 39421 is divided by 256.
253
What is the remainder when 200133 is divided by 93?
90
What is the remainder when 624622 is divided by 21?
19
Calculate the remainder when 1424 is divided by 42.
38
Calculate the remainder when 1804 is divided by 292.
52
Calculate the remainder when 574754 is divided by 111.
107
What is the remainder when 21177 is divided by 69?
63
What is the remainder when 5416 is divided by 315?
61
Calculate the remainder when 209983 is divided by 14998.
11
What is the remainder when 11559 is divided by 51?
33
Calculate the remainder when 23222 is divided by 49.
45
What is the remainder when 6509 is divided by 572?
217
Calculate the remainder when 83930 is divided by 5241.
74
Calculate the remainder when 320147 is divided by 1392.
1379
What is the remainder when 1523 is divided by 1364?
159
What is the remainder when 17429 is divided by 34?
21
What is the remainder when 73717 is divided by 10530?
7
What is the remainder when 5194 is divided by 2567?
60
What is the remainder when 1907 is divided by 214?
195
What is the remainder when 11414 is divided by 5701?
12
Calculate the remainder when 29843 is divided by 239.
207
Calculate the remainder when 5757 is divided by 113.
107
Calculate the remainder when 63778 is divided by 7085.
13
Calculate the remainder when 19235 is divided by 59.
1
Calculate the remainder when 84558 is divided by 8.
6
Calculate the remainder when 212297 is divided by 4937.
6
Calculate the remainder when 8513 is divided by 47.
6
Calculate the remainder when 44539 is divided by 416.
27
What is the remainder when 1961393 is divided by 653797?
2
What is the remainder when 33490 is divided by 1061?
599
What is the remainder when 2438 is divided by 1505?
933
Calculate the re